9).
2, 43
Let q(f) = 3839*f - 3477. What are the prime factors of q(15)?
2, 3, 167
Let b = 13 - 14. Let a(d) = -121*d + 1. What are the prime factors of a(b)?
2, 61
Let d(b) = 2*b**3 - 32*b**2 - 3*b + 99. List the prime factors of d(37).
2, 3, 11, 13, 67
What are the prime factors of -5 - (-36516 + (-12)/(-3) + -7)?
2, 18257
Let s = 5576 + -1146. List the prime factors of s.
2, 5, 443
Let y(k) = -27*k + 15. Let i be (-1)/((-3)/6) + -5. Let n be y(i). Let g = n - -34. List the prime factors of g.
2, 5, 13
Let b = -28093 - -50984. List the prime factors of b.
11, 2081
Let m(l) = 174*l - 954. List the prime factors of m(28).
2, 3, 653
Let o(t) = 4*t**3 + t**2 + t. Let g be o(1). Suppose -g + 0 = 3*l, l + 902 = 3*n. What are the prime factors of n?
2, 3, 5
Suppose -15*d = -7*d - 16. Suppose -5*q + 150 = -5*x, -x - 134 = d*q - 7*q. List the prime factors of q.
2, 13
Let o be (-94)/(-4) + (-3)/2. Suppose -o = -d + 50. What are the prime factors of 75/(-10)*d/(-10)?
2, 3
What are the prime factors of (9/6*1/(-3))/((-334)/12393404)?
18553
Suppose 0*b + 2*u = -b + 8, 0 = -5*b - 2*u + 8. Suppose b = -93*h + 92*h + 407. List the prime factors of h.
11, 37
Let x = 111 - -52. Let h = x + 82. List the prime factors of h.
5, 7
Let p = 71572 + -46498. What are the prime factors of p?
2, 3, 7, 199
Let c(a) be the third derivative of -a**5/20 - 13*a**4/12 + 7*a**3/6 - 6*a**2 + 2. What are the prime factors of c(-8)?
23
Let d(z) = -z**3 - 13*z**2 + 13*z - 9. Let o be d(-14). Let g(v) = 5*v**2 + 11*v + 16*v + 48 - o*v**2 + v**2. List the prime factors of g(-31).
2, 43
Let d(h) = h + 13. Suppose -3*z + 10 = -5*z - y, 0 = z - 3*y + 5. Let t be d(z). Suppose 0 = t*p - 1057 - 351. List the prime factors of p.
2, 11
Let u(r) = -r**3 + 2*r**2 + 313. What are the prime factors of u(0)?
313
Let g = -124 - -126. Suppose 5*p = -5*x + 35, 3*p - 3 = x - g. Suppose 0 = 4*u + p*k - 46, 4*u = 2*u + 5*k + 29. List the prime factors of u.
2, 3
Let o = 4233 + 4668. List the prime factors of o.
3, 23, 43
Let p(z) = -14*z - 2. Let a be p(2). List the prime factors of 23/2*(46 + a).
2, 23
Let a(g) = -4*g + 5*g - 2*g**2 + 3*g + 2. Let x be a(8). Let o = -46 - x. List the prime factors of o.
2, 3
Let v be ((-138)/92)/(3/8) + 6. Let i(x) = -x**2 - 4*x + 2. Let r be i(-5). List the prime factors of r - (-9 + v) - -150.
2, 7, 11
Let r(q) = -2*q**3 - 9*q**2 - q + 1. Let d be r(-4). Let o = d - -31. Suppose 0 = -5*x + o, -17 = -p - x + 36. List the prime factors of p.
7
Suppose -32*i + 1527717 + 20473 = 87*i. List the prime factors of i.
2, 5, 1301
Let d = 5918 + -3479. Suppose d + 5041 = 22*z. List the prime factors of z.
2, 5, 17
Let b = 154 - 393. Let v = b - -415. What are the prime factors of v?
2, 11
Let u = -3091 - -9518. What are the prime factors of u?
6427
Suppose 0 = -8*a + 362 - 2378. List the prime factors of (-175280)/a + -6*4/(-54).
2, 3, 29
What are the prime factors of (6 + 123/(-2))/((-4)/816*2)?
3, 17, 37
Suppose 0 = 5*z + 20, 5*p - 6*z + z - 555 = 0. Let o = p - -55. List the prime factors of o.
2, 3
Suppose 51*f + 7185 - 30208 = -26*f. What are the prime factors of f?
13, 23
Suppose 4*d = 6*d + 112. Let z be 16/d - (-366)/7. Suppose -159 = -z*l + 49*l. List the prime factors of l.
53
Let q(l) = 6*l - 1. Let t be q(2). Suppose 23*r + 2923 = 60*r. Let h = r + t. List the prime factors of h.
2, 3, 5
Suppose -52*v + 46*v - 3384 = 0. List the prime factors of ((-2052)/(-135))/(v/285 + 2).
2, 19
Let d(p) be the second derivative of 20*p**3/3 - 64*p**2 - 25*p + 3. List the prime factors of d(24).
2, 13
List the prime factors of -59 + 11667 - (-1)/(3/3 - 0).
13, 19, 47
Let m be -3 - (-14)/21*4683. Suppose -16*h + m = -2337. What are the prime factors of h?
11, 31
Let i(u) = 13*u**2 + 4*u - 42. Let s(a) = 6*a**2 + a - 21. Let r(d) = -2*i(d) + 5*s(d). List the prime factors of r(13).
2, 7, 11
Suppose 0 = 4*o - 4*s - 47604, o = 4*s + 1468 + 10415. List the prime factors of o.
3, 7
Let x(c) = c**2 + 9*c - 22. Let y be x(-11). Suppose y = 7*q - 652 - 48. Suppose -9*a - q + 901 = 0. What are the prime factors of a?
89
Suppose 5*v - 3*z = -6*z + 16, z - 7 = -2*v. Suppose v*q = 4*f - 49, f - 6*f + 2*q + 40 = 0. What are the prime factors of 1855/28 + f/8?
67
Let k be -230 - (1770/(-330) - 8/(-22)). Let c(y) = -y**3 + 340. Let f be c(0). Let z = f + k. List the prime factors of z.
5, 23
Suppose 16*m - 102498 - 617694 = -6*m. What are the prime factors of m?
2, 3, 11, 31
Let t(o) = o**2 - 3*o + 7. Let g(n) = 0*n - 66 + 62 - 2*n. Let c be g(2). List the prime factors of t(c).
5, 19
Let r = -1002 - -456. Let c be 2/11 - r/143. Suppose -3*w = -7*w, 0 = -c*m - 5*w + 200. List the prime factors of m.
2, 5
Let m be 147/(-5) - -2 - 2/(-5). Let d = m + 29. Suppose -4*x + d*x = -46. What are the prime factors of x?
23
Suppose 184*n - 165*n - 35610 = 136777. What are the prime factors of n?
43, 211
Suppose n + 2*p - 5 = 0, -2*n + 6*n = -p + 34. Suppose 3*c + 2904 = n*c. What are the prime factors of c?
2, 11
List the prime factors of (-428)/642*40518/(-4).
3, 2251
Let j(c) = -c**2 - 18*c - 10. Let a be j(-19). Let y = a + 29. List the prime factors of (y - 9)/(5 + -6)*11.
3, 11
Let k = -111 - -107. Let v be k/(-10)*(-5)/1. What are the prime factors of (-75)/(-20)*-2*v*13?
3, 5, 13
Let n = 2424 + -1424. What are the prime factors of n?
2, 5
Let f = -8013 - -13498. List the prime factors of f.
5, 1097
Let b = 9139 + -5386. Let z = -2677 + b. What are the prime factors of z?
2, 269
Let t = 1735 + -1034. Suppose 10*i + 161 = t. What are the prime factors of i?
2, 3
Let v(d) = d**3 + 39*d**2 + 13*d + 87. What are the prime factors of v(-22)?
7, 31, 37
Let c be (21/14 - 2)*37*-26. Let g = -345 + c. List the prime factors of g.
2, 17
Suppose -9*s + 588029 - 69049 = 11*s. What are the prime factors of s?
7, 11, 337
Suppose 25271 = 9*k - 94357. What are the prime factors of k?
2, 3323
Suppose 0*j + 5*j + 4*g + 6 = 0, -2*g = 3*j + 2. Suppose 37 = x + 3*d + 38, 0 = j*x + 5*d - 2. List the prime factors of x.
11
Let c = 3 - -8. Suppose c*x - 3*x = 5*x. Suppose g + x*g = 20. List the prime factors of g.
2, 5
Let q = -625 - -649. Let k(l) = l**3 + 3*l**2 + l - 2. Let y be k(-2). Suppose -3*w + y*w = -q. What are the prime factors of w?
2
Let r(m) = -782*m. Let h be r(-1). Let f = h + -357. What are the prime factors of f?
5, 17
Suppose -611 + 611 = -l. Suppose -g + 1667 = -2*m - l*m, -g - 4*m = -1667. What are the prime factors of g?
1667
Let r(p) = -p**2 + 7*p - 8. Suppose 0*u = -t - 2*u + 1, 3*t - 2*u = 11. Let x be (t/(-4))/((-12)/80). What are the prime factors of r(x)?
2
Let k(n) = 15 - 16*n**2 + 3*n**3 - n**3 + 0*n**3 + 16*n. List the prime factors of k(10).
5, 23
Suppose 1164 = l + 155. List the prime factors of l.
1009
Let h be ((-4)/10)/((-7)/35). Suppose -3*u - h*u = -1860. What are the prime factors of u?
2, 3, 31
Let z = 622 - 618. Suppose z*b = 2*g + 156 - 1626, -g = -5*b - 735. What are the prime factors of g?
3, 5, 7
Suppose -m = -3*z + 4*m + 316, -5*m - 423 = -4*z. Suppose 2*n - z = -4*u + 49, 0 = -5*u - 3*n + 197. Let x = u - 19. What are the prime factors of x?
2, 3
List the prime factors of ((-3)/(-15))/(39/30) - (-2313840)/195.
2, 17, 349
Let t(d) = -9*d**3 - 15*d**2 + 5*d + 14. List the prime factors of t(-5).
739
Let q = 303 - 287. Suppose -q*g + 1722 = -13*g. What are the prime factors of g?
2, 7, 41
List the prime factors of (-92708)/(-66) + 2/6.
5, 281
Suppose 1 = u, -4*u + 3960 = 4*p - 380. Let d = -683 + p. What are the prime factors of d?
401
Let g be -58*-4*(-21)/(-6). Let u = g - 519. List the prime factors of u.
293
Suppose 181230 + 1559154 = 109*p - 13*p. List the prime factors of p.
3, 6043
Let q(f) = 111*f**2 + 19*f + 39. Let b be q(-2). Suppose 44*z + b = 49*z. What are the prime factors of z?
89
Let w(s) = s**3 + 7*s**2 - 17*s - 2. Let t be (2/(12/(-42)))/1. Let p be w(t). Let g = 393 - p. List the prime factors of g.
2, 3, 23
Let m be 1/((-5)/(-1595)) + 5. Let j(i) = 345*i + 19 - m*i - 4*i**2 + 3*i**2. What are the prime factors of j(18)?
73
Let k(f) = 744*f - 112. List the prime factors of k(17).
2, 1567
Let g = 35 - 5. What are the prime factors of (g/(-8))/((-2765)/1380 + 2)?
3, 5, 23
Suppose -59 = -j - 22. What are the prime factors of 111/j*(2 + (-316)/(-3))?
2, 7